 prime number?
False
Is 70194767 a composite number?
False
Is 751609 a prime number?
True
Is 294376583 composite?
False
Is 4491447 composite?
True
Is 2124757 a composite number?
False
Is 4018447 a prime number?
False
Is 1986421 prime?
True
Is 63252149 prime?
True
Is 5931637 composite?
False
Is 12081119 prime?
True
Is 336830467 a composite number?
True
Is 165638131 a prime number?
False
Is 204911087 prime?
True
Is 4098763 a prime number?
True
Is 30408397 composite?
False
Is 1111117 a composite number?
True
Is 2072911 composite?
True
Is 2347637 a prime number?
False
Is 382519 a composite number?
False
Is 59968003 composite?
True
Is 101693693 prime?
True
Is 15525833 a prime number?
True
Is 132843489 a composite number?
True
Is 12684946 prime?
False
Is 30995801 a prime number?
True
Is 58839541 composite?
False
Is 307546843 a prime number?
True
Is 34574567 a composite number?
False
Is 4028659 prime?
False
Is 37195013 composite?
True
Is 235001 composite?
True
Is 30262513 prime?
False
Is 25410491 prime?
True
Is 5847197 a composite number?
True
Is 107099563 composite?
False
Is 24686863 prime?
True
Is 629627 a composite number?
True
Is 79472273 composite?
False
Is 3092051 a composite number?
True
Is 857503 a prime number?
False
Is 14685166 a composite number?
True
Is 35525123 composite?
False
Is 31754029 a prime number?
False
Is 198688591 prime?
True
Is 30799915 a composite number?
True
Is 16634147 a composite number?
False
Is 51501169 prime?
True
Is 4283131 a prime number?
True
Is 2675141 a composite number?
True
Is 11476033 composite?
False
Is 86817257 a composite number?
False
Is 452007953 prime?
True
Is 1766481 prime?
False
Is 86562947 composite?
True
Is 917909 a composite number?
True
Is 405553307 composite?
True
Is 61232069 a composite number?
False
Is 7620277 composite?
True
Is 991399 a prime number?
False
Is 11439039 a prime number?
False
Is 14301289 a prime number?
True
Is 7614161 prime?
False
Is 83410493 a prime number?
True
Is 13744519 a composite number?
True
Is 627721 prime?
True
Is 212307949 a prime number?
False
Is 101825963 prime?
False
Is 6916097 a composite number?
True
Is 87861421 a prime number?
False
Is 114188653 a composite number?
False
Is 6647729 prime?
False
Is 7441009 prime?
True
Is 69499526 prime?
False
Is 13883717 a composite number?
True
Is 8389759 prime?
False
Is 8906659 a prime number?
True
Is 272550097 a prime number?
True
Is 1729187 a composite number?
False
Is 642547 a prime number?
True
Is 2484083 prime?
False
Is 550249 a prime number?
False
Is 145844971 prime?
True
Is 13154761 a composite number?
False
Is 254644987 composite?
True
Is 29123923 a prime number?
False
Is 18833863 prime?
True
Is 57048791 a composite number?
True
Is 50192671 composite?
True
Is 258675839 composite?
True
Is 57455371 prime?
True
Is 50426173 a composite number?
True
Is 114299 a prime number?
True
Is 134484997 a prime number?
True
Is 184985 a composite number?
True
Is 504877 prime?
True
Is 6320789 a prime number?
False
Is 11621269 prime?
False
Is 6779557 a composite number?
False
Is 3157079 prime?
False
Is 75832229 prime?
False
Is 28789153 a prime number?
True
Is 1816851 prime?
False
Is 94031077 prime?
False
Is 6489409 a composite number?
False
Is 3464273 a prime number?
False
Is 11443589 a composite number?
True
Is 479701 composite?
False
Is 31239311 a composite number?
True
Is 8303627 a composite number?
True
Is 4864681 a composite number?
False
Is 918889 composite?
False
Is 82487747 prime?
False
Is 518197 a composite number?
True
Is 6551011 a composite number?
False
Is 77692997 prime?
True
Is 25777777 prime?
False
Is 3725389 prime?
True
Is 66387 prime?
False
Is 22752427 a prime number?
True
Is 7620295 prime?
False
Is 2353577 a composite number?
False
Is 126366307 prime?
True
Is 742195 a composite number?
True
Is 15692093 a prime number?
True
Is 7177109 composite?
False
Is 47221 a composite number?
False
Is 30119494 prime?
False
Is 9049937 composite?
True
Is 72415747 composite?
True
Is 81730483 a prime number?
True
Is 7164701 a composite number?
True
Is 14664913 prime?
False
Is 2090069 a prime number?
True
Is 336763 prime?
False
Is 1028636299 composite?
False
Is 8528887 composite?
True
Is 148663393 a composite number?
False
Is 6527137 prime?
True
Is 14546557 a composite number?
True
Is 30226243 a composite number?
False
Is 374938979 a prime number?
True
Is 6217907 prime?
False
Is 38460887 prime?
True
Is 11611471 composite?
False
Is 4094743 a composite number?
False
Is 148374617 a prime number?
False
Is 13705697 a composite number?
False
Is 143842747 composite?
False
Is 2020623863 a composite number?
False
Is 11384629 a composite number?
True
Is 1089694337 a prime number?
True
Is 18851281 composite?
True
Is 2343343 composite?
False
Is 106094713 prime?
True
Is 4913009 prime?
True
Is 24081293 a composite number?
True
Is 651182093 a prime number?
False
Is 19137137 a composite number?
True
Is 17972717 composite?
True
Is 56724781 composite?
True
Is 2969597 composite?
False
Is 5683001 prime?
False
Is 2253307 a prime number?
False
Is 9534053 composite?
False
Is 230290895 a composite number?
True
Is 1990069 a prime number?
True
Is 5384929 a composite number?
True
Is 3404369 prime?
False
Is 13781903 prime?
False
Is 113872631 composite?
False
Is 21390227 composite?
True
Is 10428787 composite?
False
Is 1861103 a prime number?
True
Is 4214479 composite?
False
Is 1288369 a composite number?
True
Is 27309787 composite?
True
Is 33360793 a composite number?
True
Is 8166269 prime?
True
Is 4412771 composite?
True
Is 110303927 composite?
True
Is 440073899 composite?
False
Is 2123189 prime?
False
Is 5090693 a prime number?
True
Is 18166559 a prime number?
False
Is 340785713 a prime number?
False
Is 29561573 a prime number?
True
Is 577749713 a prime number?
True
Is 5876319 a prime number?
False
Is 2605459 composite?
True
Is 3485597 composite?
True
Is 1485797 a composite number?
True
Is 39499 composite?
False
Is 7563317 a composite number?
True
Is 91159907 composite?
True
Is 5026613 a prime number?
True
Is 4171591 a composite number?
False
Is 55710719 prime?
True
Is 695167 a composite number?
True
Is 18780431 a prime number?
True
Is 11131913 a prime number?
False
Is 10489069 prime?
True
Is 18162589 composite?
False
Is 2439539 a composite number?
True
Is 1888151 a composite number?
False
Is 1073297 a composite number?
False
Is 447906383 composite?
True
Is 9237643 a prime number?
True
Is 139396417 prime?
False
Is 106905437 prime?
False
Is 181363433 composite?
False
Is 3840841 a composite number?
True
Is 2435689 a prime number?
True
Is 7594837 a composite number?
True
Is 49638119 prime?
True
Is 8202437 a prime number?
False
Is 2231677 prime?
False
Is 881071 a composite number?
False
Is 193001 a composite number?
True
Is 14117629 prime?
True
Is 476378753 a composite number?
False
Is 3072497 a prime number?
False
Is 2912717 a prime number?
True
Is 41601071 a composite number?
False
Is 238316393 a composite number?
True
Is 3337091 prime?
False
Is 4424611 a composite number?
True
Is 1402597 composite?
True
Is 3038983 a composite number?
True
Is 850781 composite?
False
Is 1508893 a prime number?
True
Is 1436557 a prime number?
False
Is 161221 a prime number?
True
Is 2268613 a composite number?
True
Is 167364121 a prime number?
True
Is 608194019 a prime number?
True
Is 4843091 composite?
True
Is 12233954 prime?
False
Is 9304939 a composite number?
True
Is 2761367 a composite number?
True
Is 126903421 a composite number?
False
Is 7032419 a composite number?
True
Is 29813827 a prime number?
False
Is 203634439 prime?
True
Is 1008999223 composite?
False
Is 20151853 a prime number?
False
Is 1816051 prime?
True
Is 258018283 composite?
False
Is 16969733 prime?
False
Is 2610317 composite?
False
Is 2242871 a composite number?
False
Is 8190449 composite?
False
Is 38745737 a composite number?
True
Is 5243711 a prime number?
False
Is 2314223 a prime number?
False
Is 1645691 prime?
True
Is 740651 composite?
False
Is 20330467 prime?
True
Is 5555149 a prime number?
True
Is 206501 a prime number?
True
Is 5628101 a composite number?
False
Is 26859841 prime?
False
Is 13995187 a prime number?
True
Is 22497529 a composite number?
False
Is 3924989 a prime number?
False
Is 722011 prime?
Tru